{"id":238,"date":"2025-03-03T15:43:24","date_gmt":"2025-03-03T14:43:24","guid":{"rendered":"https:\/\/www.alphanet-bochum.de\/?page_id=238"},"modified":"2025-03-18T22:50:31","modified_gmt":"2025-03-18T21:50:31","slug":"360-foto-maerz-2025-himmelstreppe-bei-nacht","status":"publish","type":"page","link":"https:\/\/www.alphanet-bochum.de\/?page_id=238","title":{"rendered":"360\u00b0-Foto Ausflug: M\u00e4rz 2025 Himmelstreppe bei Nacht"},"content":{"rendered":"\n<p>Machne gehen an Karneval auf Umz\u00fcge oder Feiern.<br>Ich hingegen fahre mit meiner Ausr\u00fcstung durch die Gegend, um Fotos zu machen&#8230;<br>&#8230; &#8222;Nachts&#8220; &#8230; in der K\u00e4lte bei gef\u00fchlten -20\u00b0C &#8230;<br>Ok, ich habe da ein Hang zur \u00dcbertreibung, es war kurz vor 20 Uhr und da ist es am 2. M\u00e4rz nun mal schon dunkel und vor allem nicht selten sehr kalt, aber es war nahezu windstill und ein wolkenfreier Himmel!<\/p>\n\n\n\n<p>Also Rucksack gepack, ab auf&#8217;s Fahrrad und rauf auf den Berg mit meiner neuen Insta360 X4 Kamera.<\/p>\n\n\n\n<p>Zur Steuerung, mit der Maus klicken und ziehen und der Zoom funktioniert mit dem Mausrad.<br>Touchscreen-Steuerung? Wie ein &#8222;normaler&#8220; Bildbetrachter mit den Fingern (Zoom mit zwei Fingern)!<\/p>\n\n\n<div \r\n    class=\"wp-block-bpgb-panorama\" \r\n    id='bpgbPanoramaBlock-1' \r\n    data-attributes='{&quot;cId&quot;:&quot;f4420c1a-cb0a-4aec-8b80-f30b32c90d7d&quot;,&quot;panoImage&quot;:{&quot;id&quot;:null,&quot;url&quot;:&quot;https:\\\/\\\/www.alphanet-bochum.de\\\/wp-content\\\/uploads\\\/2025\\\/03\\\/IMG_20250302_202024_00_065.jpg&quot;,&quot;alt&quot;:&quot;&quot;,&quot;title&quot;:&quot;&quot;},&quot;width&quot;:&quot;95%&quot;,&quot;height&quot;:&quot;600px&quot;,&quot;rotateSpeed&quot;:0.4,&quot;className&quot;:&quot;&quot;,&quot;align&quot;:&quot;&quot;,&quot;panoType&quot;:&quot;image&quot;,&quot;panoVideo&quot;:{&quot;id&quot;:null,&quot;url&quot;:&quot;&quot;,&quot;title&quot;:&quot;&quot;},&quot;autoRotate&quot;:true,&quot;hideControl&quot;:true,&quot;autoPlay&quot;:true,&quot;videoMute&quot;:true,&quot;videoLoop&quot;:true,&quot;alignment&quot;:&quot;center&quot;}'>\r\n    <div class=\"bpgbPanorama\"><\/div>\r\n<\/div>\n\n\n<p><em><sup>Blick von der Halde Rheinelbe am 2. M\u00e4rz 2025 gegen 20:30 Uhr &#8211; S\u00fcdwestlich der Himmelstreppe<\/sup><\/em><\/p>\n\n\n\n<p><\/p>\n\n\n<div \r\n    class=\"wp-block-bpgb-panorama\" \r\n    id='bpgbPanoramaBlock-2' \r\n    data-attributes='{&quot;cId&quot;:&quot;0e522017-42d2-408e-b2f8-56748dd97282&quot;,&quot;panoImage&quot;:{&quot;id&quot;:null,&quot;url&quot;:&quot;https:\\\/\\\/www.alphanet-bochum.de\\\/wp-content\\\/uploads\\\/2025\\\/03\\\/IMG_20250302_195933_00_039.jpg&quot;,&quot;alt&quot;:&quot;&quot;,&quot;title&quot;:&quot;&quot;},&quot;width&quot;:&quot;95%&quot;,&quot;height&quot;:&quot;600px&quot;,&quot;rotateSpeed&quot;:0.4,&quot;className&quot;:&quot;&quot;,&quot;align&quot;:&quot;&quot;,&quot;panoType&quot;:&quot;image&quot;,&quot;panoVideo&quot;:{&quot;id&quot;:null,&quot;url&quot;:&quot;&quot;,&quot;title&quot;:&quot;&quot;},&quot;autoRotate&quot;:true,&quot;hideControl&quot;:true,&quot;autoPlay&quot;:true,&quot;videoMute&quot;:true,&quot;videoLoop&quot;:true,&quot;alignment&quot;:&quot;center&quot;}'>\r\n    <div class=\"bpgbPanorama\"><\/div>\r\n<\/div>\n\n\n<p><em><sup>Blick von der Halde Rheinelbe am 2. M\u00e4rz 2025 gegen 20:00 Uhr &#8211; Nord\u00f6stlich der Himmelstreppe<\/sup><\/em><\/p>\n\n\n\n<p><\/p>\n\n\n<div \r\n    class=\"wp-block-bpgb-panorama\" \r\n    id='bpgbPanoramaBlock-3' \r\n    data-attributes='{&quot;cId&quot;:&quot;60c0705d-064b-408e-ac68-25c492105c10&quot;,&quot;panoImage&quot;:{&quot;id&quot;:null,&quot;url&quot;:&quot;https:\\\/\\\/www.alphanet-bochum.de\\\/wp-content\\\/uploads\\\/2025\\\/03\\\/IMG_20250302_201543_00_054.jpg&quot;,&quot;alt&quot;:&quot;&quot;,&quot;title&quot;:&quot;&quot;},&quot;width&quot;:&quot;95%&quot;,&quot;height&quot;:&quot;600px&quot;,&quot;rotateSpeed&quot;:0.4,&quot;className&quot;:&quot;&quot;,&quot;align&quot;:&quot;&quot;,&quot;panoType&quot;:&quot;image&quot;,&quot;panoVideo&quot;:{&quot;id&quot;:null,&quot;url&quot;:&quot;&quot;,&quot;title&quot;:&quot;&quot;},&quot;autoRotate&quot;:true,&quot;hideControl&quot;:true,&quot;autoPlay&quot;:true,&quot;videoMute&quot;:true,&quot;videoLoop&quot;:true,&quot;alignment&quot;:&quot;center&quot;}'>\r\n    <div class=\"bpgbPanorama\"><\/div>\r\n<\/div>\n\n\n<p><em><sup>Blick von der Halde Rheinelbe am 2. M\u00e4rz 2025 gegen 20:15 Uhr &#8211; Nordwestlich der Himmelstreppe<\/sup><\/em><\/p>\n\n\n\n<p><\/p>\n\n\n\n<p><strong>Allgemeiner Hinweis:<\/strong><br>Es versteht sich hoffentlich von selbst, dass die hier verwendeten Bilder mein Eigentum sind.<br>F\u00fcr den privaten Gebrauch d\u00fcrfen die Bilder verwendet werden. Jedoch m\u00f6chte ich nicht, dass meine Videos oder Fotos auf anderen Seiten oder Portalen verwendet werden, ohne mich zu fragen.<\/p>\n\n\n\n<p>In der Regel stimme ich einer nicht kommerziellen Nutzung zu, aber fragt mich bitte vorher und lasst einen Quellenhinweis da.<\/p>\n","protected":false},"excerpt":{"rendered":"<p>Machne gehen an Karneval auf Umz\u00fcge oder Feiern.Ich hingegen fahre mit meiner Ausr\u00fcstung durch die Gegend, um Fotos zu machen&#8230;&#8230; &#8222;Nachts&#8220; &#8230; in der K\u00e4lte bei gef\u00fchlten -20\u00b0C &#8230;Ok, ich habe da ein Hang zur \u00dcbertreibung, es war kurz vor 20 Uhr und da ist es am 2. M\u00e4rz nun [&hellip;]<\/p>\n","protected":false},"author":1,"featured_media":0,"parent":229,"menu_order":2,"comment_status":"closed","ping_status":"closed","template":"","meta":{"footnotes":""},"class_list":["post-238","page","type-page","status-publish","hentry"],"_links":{"self":[{"href":"https:\/\/www.alphanet-bochum.de\/index.php?rest_route=\/wp\/v2\/pages\/238"}],"collection":[{"href":"https:\/\/www.alphanet-bochum.de\/index.php?rest_route=\/wp\/v2\/pages"}],"about":[{"href":"https:\/\/www.alphanet-bochum.de\/index.php?rest_route=\/wp\/v2\/types\/page"}],"author":[{"embeddable":true,"href":"https:\/\/www.alphanet-bochum.de\/index.php?rest_route=\/wp\/v2\/users\/1"}],"replies":[{"embeddable":true,"href":"https:\/\/www.alphanet-bochum.de\/index.php?rest_route=%2Fwp%2Fv2%2Fcomments&post=238"}],"version-history":[{"count":6,"href":"https:\/\/www.alphanet-bochum.de\/index.php?rest_route=\/wp\/v2\/pages\/238\/revisions"}],"predecessor-version":[{"id":259,"href":"https:\/\/www.alphanet-bochum.de\/index.php?rest_route=\/wp\/v2\/pages\/238\/revisions\/259"}],"up":[{"embeddable":true,"href":"https:\/\/www.alphanet-bochum.de\/index.php?rest_route=\/wp\/v2\/pages\/229"}],"wp:attachment":[{"href":"https:\/\/www.alphanet-bochum.de\/index.php?rest_route=%2Fwp%2Fv2%2Fmedia&parent=238"}],"curies":[{"name":"wp","href":"https:\/\/api.w.org\/{rel}","templated":true}]}}