{"id":30,"date":"2021-05-16T18:23:19","date_gmt":"2021-05-16T17:23:19","guid":{"rendered":"https:\/\/www.alphanet-bochum.de\/?page_id=30"},"modified":"2021-05-16T20:13:46","modified_gmt":"2021-05-16T19:13:46","slug":"dmx-und-show-lichttechnik","status":"publish","type":"page","link":"https:\/\/www.alphanet-bochum.de\/?page_id=30","title":{"rendered":"DMX und Show-Lichttechnik"},"content":{"rendered":"\n<p><\/p>\n\n\n\n<div class=\"wp-block-columns is-layout-flex wp-container-core-columns-is-layout-1 wp-block-columns-is-layout-flex\">\n<div class=\"wp-block-column is-layout-flow wp-block-column-is-layout-flow\" style=\"flex-basis:66.66%\">\n<p>Ein gro\u00dfes Hobby von mir war fr\u00fcher die Lichttechnik im Show-Bereich.<br>Heute jedoch ist dieses Hobby leider etwas in den Hintergrund geraten.<br>Dennoch m\u00f6chte ich nicht meine Projekte einfach &#8222;begraben&#8220; und somit halte ich hier einiges fest, was dem ein oder anderem helfen k\u00f6nnte, wenn er sich auch daf\u00fcr interessiert!<\/p>\n<\/div>\n\n\n\n<div class=\"wp-block-column is-layout-flow wp-block-column-is-layout-flow\" style=\"flex-basis:33.33%\">\n<ul class=\"wp-block-list\"><li><a href=\"https:\/\/www.alphanet-bochum.de\/?page_id=27\">Die gebr\u00e4uchlichsten Begriffe<\/a><\/li><li><a href=\"https:\/\/www.alphanet-bochum.de\/?page_id=66\">Aufbau einer DMX-Lichtanlage<\/a><\/li><li><a href=\"https:\/\/www.alphanet-bochum.de\/?page_id=73\">Teststecker &amp; Abschlusswiderstand<\/a><\/li><li><a href=\"https:\/\/www.alphanet-bochum.de\/?page_id=79\">Controller und Sequenzer<\/a><\/li><li><a href=\"https:\/\/www.alphanet-bochum.de\/?page_id=89\">Mein DMX-Ger\u00e4tepark<\/a><\/li><\/ul>\n\n\n\n<p><\/p>\n<\/div>\n<\/div>\n","protected":false},"excerpt":{"rendered":"<p>Ein gro\u00dfes Hobby von mir war fr\u00fcher die Lichttechnik im Show-Bereich.Heute jedoch ist dieses Hobby leider etwas in den Hintergrund geraten.Dennoch m\u00f6chte ich nicht meine Projekte einfach &#8222;begraben&#8220; und somit halte ich hier einiges fest, was dem ein oder anderem helfen k\u00f6nnte, wenn er sich auch daf\u00fcr interessiert! Die gebr\u00e4uchlichsten [&hellip;]<\/p>\n","protected":false},"author":1,"featured_media":0,"parent":0,"menu_order":0,"comment_status":"closed","ping_status":"closed","template":"","meta":{"footnotes":""},"class_list":["post-30","page","type-page","status-publish","hentry"],"_links":{"self":[{"href":"https:\/\/www.alphanet-bochum.de\/index.php?rest_route=\/wp\/v2\/pages\/30"}],"collection":[{"href":"https:\/\/www.alphanet-bochum.de\/index.php?rest_route=\/wp\/v2\/pages"}],"about":[{"href":"https:\/\/www.alphanet-bochum.de\/index.php?rest_route=\/wp\/v2\/types\/page"}],"author":[{"embeddable":true,"href":"https:\/\/www.alphanet-bochum.de\/index.php?rest_route=\/wp\/v2\/users\/1"}],"replies":[{"embeddable":true,"href":"https:\/\/www.alphanet-bochum.de\/index.php?rest_route=%2Fwp%2Fv2%2Fcomments&post=30"}],"version-history":[{"count":3,"href":"https:\/\/www.alphanet-bochum.de\/index.php?rest_route=\/wp\/v2\/pages\/30\/revisions"}],"predecessor-version":[{"id":100,"href":"https:\/\/www.alphanet-bochum.de\/index.php?rest_route=\/wp\/v2\/pages\/30\/revisions\/100"}],"wp:attachment":[{"href":"https:\/\/www.alphanet-bochum.de\/index.php?rest_route=%2Fwp%2Fv2%2Fmedia&parent=30"}],"curies":[{"name":"wp","href":"https:\/\/api.w.org\/{rel}","templated":true}]}}