{"id":73,"date":"2021-05-16T19:28:04","date_gmt":"2021-05-16T18:28:04","guid":{"rendered":"https:\/\/www.alphanet-bochum.de\/?page_id=73"},"modified":"2025-03-18T22:45:14","modified_gmt":"2025-03-18T21:45:14","slug":"dmx-teststecker-abschlusswiderstand","status":"publish","type":"page","link":"https:\/\/www.alphanet-bochum.de\/?page_id=73","title":{"rendered":"DMX: Teststecker &#038; Abschlusswiderstand"},"content":{"rendered":"\n<p>Am Ende jeder DMX-Kette muss ein <strong>Abschlusswiderstand <\/strong>oder ein <strong>Teststecker <\/strong>verbunden sein,<br>da sonst das DMX-Signal unsaubere Signal-Flanken bekommen und St\u00f6rungen in der gesamten Anlage verursachen kann.<br>Der Abschlusswiderstand wird auch oft als<strong> DMX-Terminator<\/strong> bezeichnet.&nbsp;<\/p>\n\n\n\n<p>Der Abschlusswiderstand ist ein <strong>120\u03a9-Widerstand<\/strong> und wird zwischen PIN2 und PIN3 angeschlossen.<\/p>\n\n\n\n<p>Bei kleineren Anlagen ist so ein Abschlusswiderstand zwar nicht dringend notwendig, jedoch sollte man von Anfang an sauber arbeiten und am Ende der Kette den Abschlusswiderstand setzten.<\/p>\n\n\n\n<p><strong>Der Teststecker<\/strong> ist im Grunde auch ein Abschlusswiderstand, nur kann man mit ihm die Funktionalit\u00e4t des DMX-Signals einfach und schnell \u00fcberpr\u00fcfen.<br>Ein 270\u03a9-Widerstand ist in Reihe zu 2 LowCurrent LEDs gel\u00f6tet, die wiederum antiparallel (Kathode von LED1 an Anode von LED2 und umgekehrt) gel\u00f6tet sind.<br>Das Gebilde aus Widerstand und LEDs wird dan an PIN2 und PIN3 eines XLR-Steckers gel\u00f6tet.<br>Fertig ist der DMX-Teststecker!<\/p>\n\n\n\n<p>Hier der Schaltplan:<\/p>\n\n\n\n<figure class=\"wp-block-image size-large\"><img loading=\"lazy\" decoding=\"async\" width=\"685\" height=\"320\" src=\"https:\/\/www.alphanet-bochum.de\/wp-content\/uploads\/2021\/05\/001dmx-teststecker.gif\" alt=\"\" class=\"wp-image-74\"\/><\/figure>\n\n\n\n<p>Es wird empfohlen, 2 unterschiedlich farbige LEDs zu verwenden.<\/p>\n\n\n\n<p><strong><em><strong>Was verr\u00e4t einem der Teststecker?<\/strong><\/em> Im Normalbetrieb sollten die beiden LEDs leuchten oder glimmen, wobei die nicht zwingend gleich hell leuchten m\u00fcssen. Das hat was mit dem anliegenden DMX-Signal zu tun, abh\u00e4ngig von der Anzahl der verwendeten Kan\u00e4le und deren Kanalwerte.<br>Auch ein gelegentliches Flackern der LEDs ist normal, da es ja kein glattes Wechsel- oder Gleichspannungs-Signal ist.<\/strong><\/p>\n\n\n\n<p><strong><strong>Hier mal 2 Test-Extremf\u00e4lle:<\/strong><\/strong><\/p>\n\n\n\n<figure class=\"wp-block-image size-large\"><img loading=\"lazy\" decoding=\"async\" width=\"400\" height=\"276\" src=\"https:\/\/www.alphanet-bochum.de\/wp-content\/uploads\/2021\/05\/001dmx-test-low.jpg\" alt=\"\" class=\"wp-image-75\" srcset=\"https:\/\/www.alphanet-bochum.de\/wp-content\/uploads\/2021\/05\/001dmx-test-low.jpg 400w, https:\/\/www.alphanet-bochum.de\/wp-content\/uploads\/2021\/05\/001dmx-test-low-300x207.jpg 300w\" sizes=\"(max-width: 400px) 100vw, 400px\" \/><figcaption><strong><strong>96 Kan\u00e4le auf den Wert 0 gesetzt, hier leuchtet die gr\u00fcne LED st\u00e4rker als die rote LED.<\/strong><\/strong><\/figcaption><\/figure>\n\n\n\n<figure class=\"wp-block-image size-large\"><img loading=\"lazy\" decoding=\"async\" width=\"400\" height=\"265\" src=\"https:\/\/www.alphanet-bochum.de\/wp-content\/uploads\/2021\/05\/001dmx-test-high.jpg\" alt=\"\" class=\"wp-image-76\" srcset=\"https:\/\/www.alphanet-bochum.de\/wp-content\/uploads\/2021\/05\/001dmx-test-high.jpg 400w, https:\/\/www.alphanet-bochum.de\/wp-content\/uploads\/2021\/05\/001dmx-test-high-300x199.jpg 300w, https:\/\/www.alphanet-bochum.de\/wp-content\/uploads\/2021\/05\/001dmx-test-high-360x240.jpg 360w\" sizes=\"(max-width: 400px) 100vw, 400px\" \/><figcaption><strong><strong>96 Kan\u00e4le auf den Wert 255 (=100%) gesetzt, hier leuchtet die rote LED st\u00e4rker als die gr\u00fcne LED.<\/strong><\/strong><\/figcaption><\/figure>\n\n\n\n<p><strong><strong>Wenn der Teststecker dunkel bleibt (keine der LEDs leuchten oder glimmen), liegt kein DMX-Signal an.<br>Das heist irgendwo ist entweder ein Kabelbruch oder ein Ger\u00e4t schleift das Signal nicht mehr durch.<br>Einige DMX-Ger\u00e4te haben einen eingebauten DMX-Signalverst\u00e4rker. Ist dieser defekt oder das Ger\u00e4t selber aus, ist bei diesem Ger\u00e4t das Ende der DMX-Kette. Nachfolgende Ger\u00e4te in der Kette erhalten keine Signale mehr.<br>Wenn nur eine der LED im Teststecker leuchtet, ist ein Ausgangstreiber entweder im DMX-Controler selbst oder in einem DMX-Signalverst\u00e4rker defekt.<\/strong><\/strong><\/p>\n\n\n\n<p><strong>Da ich oft mit meiner Anlage unterwegs bin und gerne mal was vergesse, habe ich einen meiner Teststecker als &#8222;Halskette&#8220; gebaut. Wenn ich meinen Abschlsswiderstand-Teststecker vergessen oder verkramt oder verbummelt habe, habe ich immer noch einen in Reserve um meinen Hals h\u00e4ngen.<\/strong><\/p>\n\n\n\n<p><strong><strong>Kann auch als moderner Schmuck durchgehen:<\/strong><\/strong><\/p>\n\n\n\n<figure class=\"wp-block-image size-large\"><img loading=\"lazy\" decoding=\"async\" width=\"500\" height=\"535\" src=\"https:\/\/www.alphanet-bochum.de\/wp-content\/uploads\/2021\/05\/001dmx-teststecker.jpg\" alt=\"\" class=\"wp-image-77\" srcset=\"https:\/\/www.alphanet-bochum.de\/wp-content\/uploads\/2021\/05\/001dmx-teststecker.jpg 500w, https:\/\/www.alphanet-bochum.de\/wp-content\/uploads\/2021\/05\/001dmx-teststecker-280x300.jpg 280w\" sizes=\"(max-width: 500px) 100vw, 500px\" \/><\/figure>\n\n\n\n<p><strong>Meiner Schusseligkeit sei Dank, musste ich diesen Stecker tats\u00e4chlich schon 6 mal drau\u00dfen einsetzen.<\/strong><\/p>\n","protected":false},"excerpt":{"rendered":"<p>Am Ende jeder DMX-Kette muss ein Abschlusswiderstand oder ein Teststecker verbunden sein,da sonst das DMX-Signal unsaubere Signal-Flanken bekommen und St\u00f6rungen in der gesamten Anlage verursachen kann.Der Abschlusswiderstand wird auch oft als DMX-Terminator bezeichnet.&nbsp; Der Abschlusswiderstand ist ein 120\u03a9-Widerstand und wird zwischen PIN2 und PIN3 angeschlossen. Bei kleineren Anlagen ist so [&hellip;]<\/p>\n","protected":false},"author":1,"featured_media":0,"parent":30,"menu_order":0,"comment_status":"closed","ping_status":"closed","template":"","meta":{"footnotes":""},"class_list":["post-73","page","type-page","status-publish","hentry"],"_links":{"self":[{"href":"https:\/\/www.alphanet-bochum.de\/index.php?rest_route=\/wp\/v2\/pages\/73"}],"collection":[{"href":"https:\/\/www.alphanet-bochum.de\/index.php?rest_route=\/wp\/v2\/pages"}],"about":[{"href":"https:\/\/www.alphanet-bochum.de\/index.php?rest_route=\/wp\/v2\/types\/page"}],"author":[{"embeddable":true,"href":"https:\/\/www.alphanet-bochum.de\/index.php?rest_route=\/wp\/v2\/users\/1"}],"replies":[{"embeddable":true,"href":"https:\/\/www.alphanet-bochum.de\/index.php?rest_route=%2Fwp%2Fv2%2Fcomments&post=73"}],"version-history":[{"count":3,"href":"https:\/\/www.alphanet-bochum.de\/index.php?rest_route=\/wp\/v2\/pages\/73\/revisions"}],"predecessor-version":[{"id":149,"href":"https:\/\/www.alphanet-bochum.de\/index.php?rest_route=\/wp\/v2\/pages\/73\/revisions\/149"}],"up":[{"embeddable":true,"href":"https:\/\/www.alphanet-bochum.de\/index.php?rest_route=\/wp\/v2\/pages\/30"}],"wp:attachment":[{"href":"https:\/\/www.alphanet-bochum.de\/index.php?rest_route=%2Fwp%2Fv2%2Fmedia&parent=73"}],"curies":[{"name":"wp","href":"https:\/\/api.w.org\/{rel}","templated":true}]}}